{"id":4,"date":"2025-07-02T13:56:25","date_gmt":"2025-07-02T11:56:25","guid":{"rendered":"https:\/\/services.univ-avignon.fr\/des\/?page_id=4"},"modified":"2025-08-21T16:20:40","modified_gmt":"2025-08-21T14:20:40","slug":"accueil","status":"publish","type":"page","link":"https:\/\/services.univ-avignon.fr\/des\/","title":{"rendered":"Bienvenue sur le site de la Direction des \u00e9tudes et de la scolarit\u00e9 (DES)"},"content":{"rendered":"\n<p>La Direction des \u00e9tudes et de la scolarit\u00e9 participe \u00e0 l\u2019\u00e9laboration et \u00e0 la mise en \u0153uvre des orientations strat\u00e9giques de l\u2019\u00e9tablissement dans le domaine de la formation et de la scolarit\u00e9.<\/p>\n\n\n\n<p>Elle veille \u00e0 assurer un accompagnement aupr\u00e8s des services et \u00e9quipes p\u00e9dagogiques et coordonne la r\u00e9alisation de projets transversaux \u00e0 la formation, visant \u00e0 optimiser et moderniser les missions li\u00e9es aux parcours des \u00e9tudiants.<\/p>\n\n\n\n<p>Le bureau de gestion des \u00e9tudes d\u00e9livre les attestations de r\u00e9ussite et les dipl\u00f4mes. Horaires d\u2019ouverture : du lundi au vendredi de 13h30 \u00e0 16h30.<\/p>\n\n\n\n<p><\/p>\n\n\n\n<p><\/p>\n\n\n\n<p><a href=\"https:\/\/services.univ-avignon.fr\/des\/wp-content\/uploads\/sites\/5\/2025\/08\/Organigramme-DES1.pdf\">Organigramme<\/a><\/p>\n","protected":false},"excerpt":{"rendered":"<p>La Direction des \u00e9tudes et de la scolarit\u00e9 participe \u00e0 l\u2019\u00e9laboration et \u00e0 la mise en \u0153uvre des orientations strat\u00e9giques de l\u2019\u00e9tablissement dans le domaine de la formation et de la scolarit\u00e9. Elle veille \u00e0 assurer un accompagnement aupr\u00e8s des services et \u00e9quipes p\u00e9dagogiques et coordonne la r\u00e9alisation de projets transversaux \u00e0 la formation, visant [&hellip;]<\/p>\n","protected":false},"author":3,"featured_media":0,"parent":0,"menu_order":0,"comment_status":"closed","ping_status":"closed","template":"home-service.php","meta":{"_acf_changed":false,"_relevanssi_hide_post":"","_relevanssi_hide_content":"","_relevanssi_pin_for_all":"","_relevanssi_pin_keywords":"","_relevanssi_unpin_keywords":"","_relevanssi_related_keywords":"","_relevanssi_related_include_ids":"","_relevanssi_related_exclude_ids":"","_relevanssi_related_no_append":"","_relevanssi_related_not_related":"","_relevanssi_related_posts":"1","_relevanssi_noindex_reason":"","footnotes":""},"categories":[],"tags":[],"class_list":["post-4","page","type-page","status-publish","hentry"],"acf":[],"_links":{"self":[{"href":"https:\/\/services.univ-avignon.fr\/des\/wp-json\/wp\/v2\/pages\/4","targetHints":{"allow":["GET"]}}],"collection":[{"href":"https:\/\/services.univ-avignon.fr\/des\/wp-json\/wp\/v2\/pages"}],"about":[{"href":"https:\/\/services.univ-avignon.fr\/des\/wp-json\/wp\/v2\/types\/page"}],"author":[{"embeddable":true,"href":"https:\/\/services.univ-avignon.fr\/des\/wp-json\/wp\/v2\/users\/3"}],"replies":[{"embeddable":true,"href":"https:\/\/services.univ-avignon.fr\/des\/wp-json\/wp\/v2\/comments?post=4"}],"version-history":[{"count":7,"href":"https:\/\/services.univ-avignon.fr\/des\/wp-json\/wp\/v2\/pages\/4\/revisions"}],"predecessor-version":[{"id":961,"href":"https:\/\/services.univ-avignon.fr\/des\/wp-json\/wp\/v2\/pages\/4\/revisions\/961"}],"wp:attachment":[{"href":"https:\/\/services.univ-avignon.fr\/des\/wp-json\/wp\/v2\/media?parent=4"}],"wp:term":[{"taxonomy":"category","embeddable":true,"href":"https:\/\/services.univ-avignon.fr\/des\/wp-json\/wp\/v2\/categories?post=4"},{"taxonomy":"post_tag","embeddable":true,"href":"https:\/\/services.univ-avignon.fr\/des\/wp-json\/wp\/v2\/tags?post=4"}],"curies":[{"name":"wp","href":"https:\/\/api.w.org\/{rel}","templated":true}]}}