{"id":7,"date":"2026-02-09T09:02:17","date_gmt":"2026-02-09T08:02:17","guid":{"rendered":"https:\/\/services.univ-avignon.fr\/dircom\/?page_id=7"},"modified":"2026-02-09T14:17:48","modified_gmt":"2026-02-09T13:17:48","slug":"presentation","status":"publish","type":"page","link":"https:\/\/services.univ-avignon.fr\/dircom\/presentation\/","title":{"rendered":"Pr\u00e9sentation"},"content":{"rendered":"\n<p>La Direction de la communication r\u00e9alise :<\/p>\n\n\n\n<ul class=\"wp-block-list\">\n<li>les\u00a0<a href=\"https:\/\/e-doc.univ-avignon.fr\/direction-de-la-communication\/demandes-travaux\/plaquettes-de-formation\/\">plaquettes de pr\u00e9sentation des formations<\/a><\/li>\n\n\n\n<li>la\u00a0<a href=\"https:\/\/e-doc.univ-avignon.fr\/direction-de-la-communication\/demandes-travaux\/papeterie\/\">papeterie<\/a>\u00a0(papier en-t\u00eate, cartes de visite, de correspondance)<\/li>\n\n\n\n<li>les\u00a0<a href=\"https:\/\/e-doc.univ-avignon.fr\/direction-de-la-communication\/demandes-travaux\/affiches-programmes-plaquettes\/\">affiches, flyers, programmes<\/a>\u00a0des diff\u00e9rentes manifestations, signal\u00e9tique<\/li>\n\n\n\n<li>les\u00a0<a href=\"https:\/\/e-doc.univ-avignon.fr\/direction-de-la-communication\/demandes-travaux\/relations-presse\/\">communiqu\u00e9s de presse<\/a>, et plus largement, elle g\u00e8re les relations avec la presse.<\/li>\n<\/ul>\n\n\n\n<p>Le service g\u00e8re \u00e9galement les diff\u00e9rents&nbsp;<strong>supports num\u00e9riques<\/strong>&nbsp;:<\/p>\n\n\n\n<ul class=\"wp-block-list\">\n<li><a href=\"https:\/\/e-doc.univ-avignon.fr\/direction-de-la-communication\/guide-de-prise-en-main-du-portail-web-de-luniversite-davignon\/\">Site web<\/a>\u00a0univ-avignon.fr<\/li>\n\n\n\n<li><a href=\"https:\/\/e-doc.univ-avignon.fr\/direction-de-la-communication\/demandes-travaux\/actualite-web\/\">R\u00e9seaux sociaux<\/a>\u00a0: Facebook, Instagram, Linkedin, Youtube<\/li>\n<\/ul>\n\n\n\n<p><\/p>\n","protected":false},"excerpt":{"rendered":"<p>La Direction de la communication r\u00e9alise : Le service g\u00e8re \u00e9galement les diff\u00e9rents&nbsp;supports num\u00e9riques&nbsp;:<\/p>\n","protected":false},"author":3,"featured_media":0,"parent":0,"menu_order":0,"comment_status":"closed","ping_status":"closed","template":"","meta":{"_acf_changed":false,"_relevanssi_hide_post":"","_relevanssi_hide_content":"","_relevanssi_pin_for_all":"","_relevanssi_pin_keywords":"","_relevanssi_unpin_keywords":"","_relevanssi_related_keywords":"","_relevanssi_related_include_ids":"","_relevanssi_related_exclude_ids":"","_relevanssi_related_no_append":"","_relevanssi_related_not_related":"","_relevanssi_related_posts":"1","_relevanssi_noindex_reason":"","footnotes":""},"categories":[],"tags":[],"class_list":["post-7","page","type-page","status-publish","hentry"],"acf":[],"_links":{"self":[{"href":"https:\/\/services.univ-avignon.fr\/dircom\/wp-json\/wp\/v2\/pages\/7","targetHints":{"allow":["GET"]}}],"collection":[{"href":"https:\/\/services.univ-avignon.fr\/dircom\/wp-json\/wp\/v2\/pages"}],"about":[{"href":"https:\/\/services.univ-avignon.fr\/dircom\/wp-json\/wp\/v2\/types\/page"}],"author":[{"embeddable":true,"href":"https:\/\/services.univ-avignon.fr\/dircom\/wp-json\/wp\/v2\/users\/3"}],"replies":[{"embeddable":true,"href":"https:\/\/services.univ-avignon.fr\/dircom\/wp-json\/wp\/v2\/comments?post=7"}],"version-history":[{"count":2,"href":"https:\/\/services.univ-avignon.fr\/dircom\/wp-json\/wp\/v2\/pages\/7\/revisions"}],"predecessor-version":[{"id":20,"href":"https:\/\/services.univ-avignon.fr\/dircom\/wp-json\/wp\/v2\/pages\/7\/revisions\/20"}],"wp:attachment":[{"href":"https:\/\/services.univ-avignon.fr\/dircom\/wp-json\/wp\/v2\/media?parent=7"}],"wp:term":[{"taxonomy":"category","embeddable":true,"href":"https:\/\/services.univ-avignon.fr\/dircom\/wp-json\/wp\/v2\/categories?post=7"},{"taxonomy":"post_tag","embeddable":true,"href":"https:\/\/services.univ-avignon.fr\/dircom\/wp-json\/wp\/v2\/tags?post=7"}],"curies":[{"name":"wp","href":"https:\/\/api.w.org\/{rel}","templated":true}]}}