{"id":9,"date":"2026-02-09T09:02:28","date_gmt":"2026-02-09T08:02:28","guid":{"rendered":"https:\/\/services.univ-avignon.fr\/dircom\/?page_id=9"},"modified":"2026-02-09T14:18:23","modified_gmt":"2026-02-09T13:18:23","slug":"contacts","status":"publish","type":"page","link":"https:\/\/services.univ-avignon.fr\/dircom\/contacts\/","title":{"rendered":"Contacts"},"content":{"rendered":"\n<p><strong>L\u2019\u00e9quipe de la Direction de la communication :<\/strong><\/p>\n\n\n\n<p>Claudie Galnon, directrice<br>Mathieu Pradalet, charg\u00e9 de la communication num\u00e9rique<br>Manon d\u2019Alessandro, community manager<br>M\u00e9lanie Lemal, graphiste<br>Baia Pontier, secr\u00e9taire<br>Karinne Morin, gestionnaire SIFAC<\/p>\n\n\n\n<p>Pour plus d\u2019informations :<br><a href=\"mailto:cellule-communication@univ-avignon.fr\">cellule-communication@univ-avignon.fr<\/a><br>T\u00e9l. +33 (0)4 90 16 25 55<\/p>\n","protected":false},"excerpt":{"rendered":"<p>L\u2019\u00e9quipe de la Direction de la communication : Claudie Galnon, directriceMathieu Pradalet, charg\u00e9 de la communication num\u00e9riqueManon d\u2019Alessandro, community managerM\u00e9lanie Lemal, graphisteBaia Pontier, secr\u00e9taireKarinne Morin, gestionnaire SIFAC Pour plus d\u2019informations :cellule-communication@univ-avignon.frT\u00e9l. +33 (0)4 90 16 25 55<\/p>\n","protected":false},"author":3,"featured_media":0,"parent":0,"menu_order":0,"comment_status":"closed","ping_status":"closed","template":"","meta":{"_acf_changed":false,"_relevanssi_hide_post":"","_relevanssi_hide_content":"","_relevanssi_pin_for_all":"","_relevanssi_pin_keywords":"","_relevanssi_unpin_keywords":"","_relevanssi_related_keywords":"","_relevanssi_related_include_ids":"","_relevanssi_related_exclude_ids":"","_relevanssi_related_no_append":"","_relevanssi_related_not_related":"","_relevanssi_related_posts":"1","_relevanssi_noindex_reason":"","footnotes":""},"categories":[],"tags":[],"class_list":["post-9","page","type-page","status-publish","hentry"],"acf":[],"_links":{"self":[{"href":"https:\/\/services.univ-avignon.fr\/dircom\/wp-json\/wp\/v2\/pages\/9","targetHints":{"allow":["GET"]}}],"collection":[{"href":"https:\/\/services.univ-avignon.fr\/dircom\/wp-json\/wp\/v2\/pages"}],"about":[{"href":"https:\/\/services.univ-avignon.fr\/dircom\/wp-json\/wp\/v2\/types\/page"}],"author":[{"embeddable":true,"href":"https:\/\/services.univ-avignon.fr\/dircom\/wp-json\/wp\/v2\/users\/3"}],"replies":[{"embeddable":true,"href":"https:\/\/services.univ-avignon.fr\/dircom\/wp-json\/wp\/v2\/comments?post=9"}],"version-history":[{"count":2,"href":"https:\/\/services.univ-avignon.fr\/dircom\/wp-json\/wp\/v2\/pages\/9\/revisions"}],"predecessor-version":[{"id":21,"href":"https:\/\/services.univ-avignon.fr\/dircom\/wp-json\/wp\/v2\/pages\/9\/revisions\/21"}],"wp:attachment":[{"href":"https:\/\/services.univ-avignon.fr\/dircom\/wp-json\/wp\/v2\/media?parent=9"}],"wp:term":[{"taxonomy":"category","embeddable":true,"href":"https:\/\/services.univ-avignon.fr\/dircom\/wp-json\/wp\/v2\/categories?post=9"},{"taxonomy":"post_tag","embeddable":true,"href":"https:\/\/services.univ-avignon.fr\/dircom\/wp-json\/wp\/v2\/tags?post=9"}],"curies":[{"name":"wp","href":"https:\/\/api.w.org\/{rel}","templated":true}]}}