{"id":5,"date":"2026-01-15T14:54:15","date_gmt":"2026-01-15T13:54:15","guid":{"rendered":"https:\/\/services.univ-avignon.fr\/drh\/?page_id=5"},"modified":"2026-02-16T08:23:48","modified_gmt":"2026-02-16T07:23:48","slug":"accueil","status":"publish","type":"page","link":"https:\/\/services.univ-avignon.fr\/drh\/","title":{"rendered":"Accueil"},"content":{"rendered":"\n<h3 class=\"wp-block-heading has-medium-font-size\">Bienvenue sur le site de la Direction des Ressources Humaines.<\/h3>\n\n\n\n<p><\/p>\n\n\n\n<p><strong>En cours de construction<\/strong><\/p>\n\n\n\n<p>La direction des ressources humaines accompagne les personnels de l\u2019universit\u00e9 tout au long de leur parcours professionnel.<br>Elle a pour missions de g\u00e9rer, accompagner et d\u00e9velopper les ressources humaines dans le respect du cadre r\u00e9glementaire, tout en veillant \u00e0 la qualit\u00e9 de vie et aux conditions de travail.<\/p>\n\n\n\n<p>Son activit\u00e9 s\u2019articule autour de quatre p\u00f4les : <\/p>\n\n\n\n<ul class=\"wp-block-list\">\n<li>le p\u00f4le gestion des personnels, <\/li>\n\n\n\n<li>le p\u00f4le gestion pr\u00e9visionnelle des emplois et des comp\u00e9tences,<\/li>\n\n\n\n<li> le p\u00f4le sant\u00e9 et qualit\u00e9 de vie au travail, <\/li>\n\n\n\n<li>le p\u00f4le pilotage.<\/li>\n<\/ul>\n\n\n\n<p><a href=\"https:\/\/services.univ-avignon.fr\/drh\/wp-content\/uploads\/sites\/9\/2026\/02\/2026-01-Organigramme-hierarchique-\u2013-DRH-1.pdf\">T\u00e9l\u00e9charger l&rsquo;organigramme de la DRH<\/a><\/p>\n\n\n\n<p><\/p>\n","protected":false},"excerpt":{"rendered":"<p>Bienvenue sur le site de la Direction des Ressources Humaines. En cours de construction La direction des ressources humaines accompagne les personnels de l\u2019universit\u00e9 tout au long de leur parcours professionnel.Elle a pour missions de g\u00e9rer, accompagner et d\u00e9velopper les ressources humaines dans le respect du cadre r\u00e9glementaire, tout en veillant \u00e0 la qualit\u00e9 de [&hellip;]<\/p>\n","protected":false},"author":3,"featured_media":0,"parent":0,"menu_order":0,"comment_status":"closed","ping_status":"closed","template":"home-service.php","meta":{"_acf_changed":false,"_relevanssi_hide_post":"","_relevanssi_hide_content":"","_relevanssi_pin_for_all":"","_relevanssi_pin_keywords":"","_relevanssi_unpin_keywords":"","_relevanssi_related_keywords":"","_relevanssi_related_include_ids":"","_relevanssi_related_exclude_ids":"","_relevanssi_related_no_append":"","_relevanssi_related_not_related":"","_relevanssi_related_posts":"1","_relevanssi_noindex_reason":"","footnotes":""},"categories":[],"tags":[],"class_list":["post-5","page","type-page","status-publish","hentry"],"acf":[],"_links":{"self":[{"href":"https:\/\/services.univ-avignon.fr\/drh\/wp-json\/wp\/v2\/pages\/5","targetHints":{"allow":["GET"]}}],"collection":[{"href":"https:\/\/services.univ-avignon.fr\/drh\/wp-json\/wp\/v2\/pages"}],"about":[{"href":"https:\/\/services.univ-avignon.fr\/drh\/wp-json\/wp\/v2\/types\/page"}],"author":[{"embeddable":true,"href":"https:\/\/services.univ-avignon.fr\/drh\/wp-json\/wp\/v2\/users\/3"}],"replies":[{"embeddable":true,"href":"https:\/\/services.univ-avignon.fr\/drh\/wp-json\/wp\/v2\/comments?post=5"}],"version-history":[{"count":7,"href":"https:\/\/services.univ-avignon.fr\/drh\/wp-json\/wp\/v2\/pages\/5\/revisions"}],"predecessor-version":[{"id":85,"href":"https:\/\/services.univ-avignon.fr\/drh\/wp-json\/wp\/v2\/pages\/5\/revisions\/85"}],"wp:attachment":[{"href":"https:\/\/services.univ-avignon.fr\/drh\/wp-json\/wp\/v2\/media?parent=5"}],"wp:term":[{"taxonomy":"category","embeddable":true,"href":"https:\/\/services.univ-avignon.fr\/drh\/wp-json\/wp\/v2\/categories?post=5"},{"taxonomy":"post_tag","embeddable":true,"href":"https:\/\/services.univ-avignon.fr\/drh\/wp-json\/wp\/v2\/tags?post=5"}],"curies":[{"name":"wp","href":"https:\/\/api.w.org\/{rel}","templated":true}]}}